8. Suppose -2*x = 2*s - 668, 5*x - 3*s + 1337 = t*x. List the prime factors of x.
5, 67
Suppose -30635 - 6473 = -3*k + 2*k. List the prime factors of k.
2, 9277
Suppose -4*z = -2*y + 147492, 0 = y + 3*z + 15884 - 89660. List the prime factors of y.
2, 3, 19, 647
Suppose 4*b - 51 = 4*c - c, 10 = -2*c. Let u be (-6)/b - 8/24. What are the prime factors of 4548/42 - u - (-2)/(-7)?
109
Suppose 3852 = 43*r - 40*r. What are the prime factors of r?
2, 3, 107
What are the prime factors of ((225054/21)/(-2))/(357/(-1666))?
2, 12503
Let v = 51 + -49. Suppose -4*d + 4*t = -2332, d - v*d + 2*t + 583 = 0. List the prime factors of d.
11, 53
Let h(n) = 36*n + 118. Suppose -5 = -2*j - u + 1, -j = 4*u + 11. List the prime factors of h(j).
2, 149
Let s be ((-8)/10)/((-10)/25). Suppose 3*j + 5*o + 0 = 17, -s*o = j - 6. List the prime factors of j.
2
Let d(k) = 8028*k**2 + 194*k - 409. What are the prime factors of d(2)?
3, 19, 563
Suppose -90 = x - 4*x. Suppose x = j + j. Suppose -y + j - 4 = 0. What are the prime factors of y?
11
Suppose 160 + 296 = c. Suppose -448*u + c*u - 5296 = 0. List the prime factors of u.
2, 331
Let v(a) = -6*a + 33. Let h(u) = 2*u - 11. Let n(d) = 11*h(d) + 4*v(d). Let r be n(3). Let i(o) = -o**3 + 4*o**2 + 5*o + 7. List the prime factors of i(r).
7
Let j = 5216 + -2307. List the prime factors of j.
2909
Suppose -h + 5*h = -15*h + 220761. What are the prime factors of h?
3, 1291
Let l be 30240/84 + 3*(2 + -1). What are the prime factors of 2/6*l - -2?
3, 41
Suppose 2*b + b = 4*l + 352, -587 = 7*l + 2*b. Suppose -3*y + 144 = -w, -y - 3*y = -4. Let r = l - w. List the prime factors of r.
2, 7
Let j(o) be the first derivative of 87*o**2/2 - 2*o - 14. Let i be j(1). Suppose -h + i = -12. List the prime factors of h.
97
Let a = 47 + -42. Suppose -2*l + 3*l + 3 = 0, -2*t = -a*l - 881. What are the prime factors of t?
433
Suppose -5*h = -2*o - 2*o + 5623, -2*o - 5*h + 2849 = 0. Suppose -34 = 4*y - 3*k - o, 348 = y + k. List the prime factors of y.
2, 173
Let f be (4*12/80)/((-2)/(-230)). Let w(h) = 29*h - 34 + f - 37. What are the prime factors of w(1)?
3
Let j = 54 - 51. Let y be 2/(-6) + 34/j. Suppose -5*f + 84 = -l, -3*l - y - 1 = 0. What are the prime factors of f?
2
Let j(k) = -61*k - 8. Suppose -c - 3 = 2, 0 = -5*o + 4*c + 40. Let m be (o/(-5))/(2/(-60)*-6). List the prime factors of j(m).
2, 59
Let z(f) = f - 30. Let q be z(28). What are the prime factors of (-1)/q + 10/(-4) - -707?
3, 5, 47
Let y(m) = -7*m - 26. Let a be y(-4). Suppose 0 = 33*w - 28*w + 2*f - 411, 170 = a*w - 2*f. List the prime factors of w.
83
What are the prime factors of (-28 - 11)/((-7)/168)?
2, 3, 13
Let q(j) = 9*j**3 - 2*j**2 - 3*j - 23. What are the prime factors of q(10)?
8747
Suppose 1247998 = 70*x + 62*x - 70*x. List the prime factors of x.
20129
Let j(s) = s + 19. Let n be j(-8). Suppose -n*h = -45 - 10. Suppose 0 = p + k - 191, 7*k - 4*k + 915 = h*p. List the prime factors of p.
2, 3, 31
Suppose 8 = -2*z, 0 = c - 6*z + z - 22. What are the prime factors of 0/6 + 727 - (c + 2)?
3, 241
Let l be ((-556)/(-10))/(-3 - 170/(-50)). Suppose -d + 2*d = 5. Suppose d*n - l = 311. List the prime factors of n.
2, 3, 5
Let m(h) = -3*h + 3. Let z be m(0). Suppose -z*a + 456 = a + 4*p, 4*p = 4*a - 480. What are the prime factors of a?
3, 13
Let h(w) = -2513*w + 5043. What are the prime factors of h(-5)?
2, 31, 71
Let h = 387 + 279. Let i = -398 + h. What are the prime factors of i?
2, 67
List the prime factors of 16210/70*1*(-35)/(-5).
1621
Let o = 23 - 49. Let u be (1 - (-22)/o) + 2/(-13). What are the prime factors of (-1 - -130 - -2) + (u - -3)?
2, 67
Suppose 0 = -f + 4*d + 2665, 8008 = 2*f + f + d. What are the prime factors of f?
17, 157
Let k(x) = -366*x + 1379. What are the prime factors of k(-8)?
59, 73
Let w(n) = 71*n - 8 - 34*n + 198*n + 34 + 14. What are the prime factors of w(1)?
5, 11
Let t be 1/(-6) + (-422)/(-12). Suppose -5*x + 2*p = -485, -4*p - t = -x + 62. What are the prime factors of x?
97
Let r(p) = p**3 + 23*p**2 - 2*p - 6. Let t be r(-23). Suppose -4*b - 2*q = t, 2*b + 28 = -2*q + 4. What are the prime factors of (-312)/(-26)*b/(-6)?
2
Let t(c) = c**2 + 2*c - 27. Let j be t(-7). Suppose -5*h = -j*h + 681. List the prime factors of h.
227
Let a be 24/(-4)*6/(-9). Suppose -a*f + 2*b - 12 = 3*b, 3*f = -b - 8. Let g(m) = 12*m**2 - 4*m - 7. What are the prime factors of g(f)?
3, 67
Suppose 0 = 16*q - 99815 - 25929. What are the prime factors of q?
29, 271
Suppose 0 = b + 2*w - 13580, 15*b + 67882 = 20*b + 4*w. What are the prime factors of b?
2, 11, 617
Let v(g) = 9*g**2 + 5*g - 14. Let j(p) = 4*p**2 + 2*p - 7. Let h(k) = 7*j(k) - 3*v(k). What are the prime factors of h(-21)?
5, 7, 13
Let v = 56505 + -691. What are the prime factors of v?
2, 11, 43, 59
Let r = 188 - 83. Suppose -2*u + 27 + r = 0. Suppose 3*g + 0*g = u. List the prime factors of g.
2, 11
Let x(y) = -17*y + 192. Let u be x(11). Suppose -6*z + 7*z = 6*d - 4623, -d - u*z + 786 = 0. What are the prime factors of d?
3, 257
Let y(k) = -k**3 + 7*k**2 - 7*k + 10. Let a be y(6). Suppose 2*f + a*f - 2718 = 0. Suppose -i - 2*i + f = 0. What are the prime factors of i?
151
Suppose 1618*m - 6 = 1619*m. Suppose 2*j + 39 = -139. Let u = m - j. What are the prime factors of u?
83
Let u be ((-1)/2)/(2/(-60)). Let k(z) = 10*z**2 + 20*z - 9 + 5 - 11*z**2 - 19. What are the prime factors of k(u)?
2, 13
Let i(c) = 9 + 6*c - 3*c - 2*c. Suppose 11*f + 38 = -17. What are the prime factors of i(f)?
2
Suppose 0 = -r + y + 774, -422 - 2668 = -4*r - 2*y. Suppose 6*x = r + 775. What are the prime factors of x?
2, 3, 43
Let p be 15/3*(-2)/(-10). Suppose 7*l - 10*l + 1 = -2*f, 3*f = -4*l + 7. List the prime factors of (8/(-20))/(f/(-185)*p).
2, 37
Let c = 999 + -420. Suppose 2*q + m = 1153, 6*q + 2*m + c = 7*q. What are the prime factors of q?
577
Let n(a) = 7*a**2 + 2*a - 6. Let h be n(0). What are the prime factors of -571*(-4 + (12/(-3) - h))?
2, 571
Suppose w + 1638 = 6797. List the prime factors of w.
7, 11, 67
List the prime factors of (36 + -2066)*(-4 + (-5 - -7)).
2, 5, 7, 29
Let u(o) = o**3 + 16*o**2 + 11*o + 4. Suppose 56 = -f + 64. Suppose -f = h + 7. What are the prime factors of u(h)?
2
Suppose 0 = 24*o + 32*o - 71*o + 232695. List the prime factors of o.
3, 5171
Let i = -12037 - -13485. List the prime factors of i.
2, 181
Let q(g) = -572*g - 4041. List the prime factors of q(-11).
2251
Let c(h) = 106*h + 29. Let q be c(-6). Let v = q + 880. Suppose 4*a = -d + v, 0*a = a + d - 69. What are the prime factors of a?
2, 17
Let i(n) = -n**2 - 36*n + 34. Let p be i(-37). List the prime factors of (349/p)/(27/(-81)).
349
Suppose n - 35 = -6*n. Let m be (n + -12)*(-2 - 2). Let h = 69 + m. What are the prime factors of h?
97
Suppose 5*z + 21 = -9. Let h = z - -11. Suppose 4*w - 171 = -h*t, -2 = 2*t - 0*t. List the prime factors of w.
2, 11
Let y(r) = r**2 + 14*r - 3 - 6*r**2 - 1 + 0*r**2 - 3*r**3 - 19*r. Let p = -3 - 0. What are the prime factors of y(p)?
47
Let j = -28850 + 53758. List the prime factors of j.
2, 13, 479
List the prime factors of 64 - ((-54 + -2)/8)/(-1).
3, 19
Let j = -50 - -77. Suppose -j*r - 1708 = -23*r. List the prime factors of 4/18 - r/63.
7
Suppose 2*y + y + 4*g = 41, -25 = -5*y + 2*g. Let i = -7 - -16. Suppose 184 = i*d - y*d. List the prime factors of d.
2, 23
List the prime factors of 13226 - (-6)/((-7)/((-224)/24)).
2, 13, 509
Let j(i) = i**2 + 2*i + 1. Let q(w) = 862*w**3 - w**2 + 12*w + 2. Let l(k) = -4*j(k) + q(k). What are the prime factors of l(1)?
859
Let c be (-823)/((6 + -7)/(-1)). Let n = -549 - c. What are the prime factors of n?
2, 137
Suppose -24 = 105*u - 99*u. What are the prime factors of 1045 - (0/u + 7)?
2, 3, 173
Suppose 0 = -5*q + 14*q - 5355. Suppose -q = -3*v + 1082. What are the prime factors of v?
13, 43
Suppose 4*h - 230024 = -2*r, -3*r + 18236 = h - 39270. List the prime factors of h.
2, 28753
What are the prime factors of (1 + 7)*((-9)/1 + (-870105)/(-284))?
2, 3, 4073
Let p = 5 + 1. Let f(k) = 5*k + 1. Let g(o) = -o**2 + 25*o + 24. Let r(n) = 7*f(n) - g(n). List the prime factors of r(p).
79
Let l(u) = 20*u**3 + 5*u**2 - 14*u - 25. List the prime factors of l(10).
5, 7, 83
Let g be (-93)/7 - (-36)/126. Let n be (-12)/4 + -1 - -44. Let x = g + n. What a